What is the thousands digit of 413443067?
3
What is the units digit of 754423330?
0
What is the hundred millions digit of 635122368?
6
What is the hundreds digit of 186298527?
5
What is the billions digit of 2982716493?
2
What is the units digit of 33604652?
2
What is the ten thousands digit of 2501983257?
8
What is the units digit of 101296066?
6
What is the units digit of 296456440?
0
What is the hundred millions digit of 610769658?
6
What is the ten millions digit of 104496020?
0
What is the ten thousands digit of 135475299?
7
What is the units digit of 2679186710?
0
What is the hundred millions digit of 949659918?
9
What is the ten millions digit of 61076648?
6
What is the hundred millions digit of 374907803?
3
What is the thousands digit of 103872329?
2
What is the hundreds digit of 28420698?
6
What is the ten thousands digit of 640451279?
5
What is the ten millions digit of 118273256?
1
What is the millions digit of 320643125?
0
What is the units digit of 2058244291?
1
What is the units digit of 191186182?
2
What is the ten thousands digit of 113742884?
4
What is the millions digit of 56405886?
6
What is the ten thousands digit of 483554097?
5
What is the hundred thousands digit of 49604531?
6
What is the hundred thousands digit of 110970743?
9
What is the hundreds digit of 259271854?
8
What is the hundred millions digit of 1826110862?
8
What is the thousands digit of 227326226?
6
What is the ten thousands digit of 45872302?
7
What is the hundreds digit of 519896073?
0
What is the ten millions digit of 362960928?
6
What is the thousands digit of 57933025?
3
What is the hundred millions digit of 3801279935?
8
What is the hundred thousands digit of 123645684?
6
What is the tens digit of 224231838?
3
What is the hundred thousands digit of 1007781916?
7
What is the tens digit of 4798342306?
0
What is the hundred millions digit of 116679590?
1
What is the billions digit of 1883532624?
1
What is the hundred millions digit of 268464579?
2
What is the ten thousands digit of 637609200?
0
What is the hundred thousands digit of 69478429?
4
What is the millions digit of 245944274?
5
What is the tens digit of 6397106?
0
What is the hundred millions digit of 115448523?
1
What is the ten thousands digit of 396821291?
2
What is the hundreds digit of 540219879?
8
What is the units digit of 852563801?
1
What is the tens digit of 566242025?
2
What is the billions digit of 2902647180?
2
What is the millions digit of 371329984?
1
What is the units digit of 367273595?
5
What is the ten thousands digit of 2477427284?
2
What is the thousands digit of 1990329834?
9
What is the hundreds digit of 31475973?
9
What is the hundred thousands digit of 62505617?
5
What is the hundred millions digit of 553631802?
5
What is the ten millions digit of 47895983?
4
What is the units digit of 1223168761?
1
What is the ten thousands digit of 1954052619?
5
What is the hundred thousands digit of 109653896?
6
What is the billions digit of 2305761699?
2
What is the millions digit of 13098688?
3
What is the units digit of 114833242?
2
What is the thousands digit of 123251361?
1
What is the hundreds digit of 56160010?
0
What is the tens digit of 1108744965?
6
What is the ten millions digit of 23073594?
2
What is the millions digit of 200388037?
0
What is the thousands digit of 20656549?
6
What is the hundred millions digit of 291028758?
2
What is the ten thousands digit of 150688894?
8
What is the thousands digit of 196154424?
4
What is the hundred millions digit of 1497716765?
4
What is the millions digit of 33224993?
3
What is the hundreds digit of 8252778949?
9
What is the tens digit of 28606254?
5
What is the thousands digit of 1641053505?
3
What is the hundred thousands digit of 9985117?
9
What is the units digit of 67947226?
6
What is the hundred thousands digit of 5764590011?
5
What is the hundred thousands digit of 219429592?
4
What is the tens digit of 15288553?
5
What is the billions digit of 1741161179?
1
What is the hundred millions digit of 6144700277?
1
What is the thousands digit of 207073248?
3
What is the hundred thousands digit of 4432765879?
7
What is the ten thousands digit of 86222211?
2
What is the tens digit of 360814771?
7
What is the tens digit of 1077252882?
8
What is the hundreds digit of 329023978?
9
What is the hundreds digit of 6563599?
5
What is the hundreds digit of 154882386?
3
What is the units digit of 514651414?
4
What is the hundreds digit of 27138433?
4
What is the units digit of 921828860?
0
What is the thousands digit of 7858746992?
6
What is the units digit of 61458347?
7
What is the thousands digit of 392647463?
7
What is the ten thousands digit of 5825170?
2
What is the hundred thousands digit of 223356251?
3
What is the millions digit of 731130020?
1
What is the hundreds digit of 1903718364?
3
What is the hundreds digit of 57171180?
1
What is the ten thousands digit of 1401007383?
0
What is the tens digit of 2034508?
0
What is the ten thousands digit of 47911222?
1
What is the millions digit of 182017385?
2
What is the millions digit of 12236291?
2
What is the thousands digit of 1279470134?
0
What is the thousands digit of 1875372?
5
What is the ten thousands digit of 254671252?
7
What is the ten millions digit of 37768818?
3
What is the tens digit of 249201689?
8
What is the units digit of 1129210527?
7
What is the ten millions digit of 1757261379?
5
What is the thousands digit of 31938860?
8
What is the tens digit of 5172528337?
3
What is the hundred millions digit of 4996311759?
9
What is the ten millions digit of 39295986?
3
What is the tens digit of 5300443630?
3
What is the billions digit of 4498064814?
4
What is the ten millions digit of 42699603?
4
What is the units digit of 1386999422?
2
What is the hundreds digit of 1311266250?
2
What is the hundred thousands digit of 146565637?
5
What is the hundreds digit of 16826823?
8
What is the ten millions digit of 635936554?
3
What is the thousands digit of 126662399?
2
What is the ten thousands digit of 467630?
6
What is the thousands digit of 2235341551?
1
What is the hundreds digit of 202075859?
8
What is the millions digit of 1928065074?
8
What is the units digit of 4976845?
5
What is the thousands digit of 50162926?
2
What is the hundreds digit of 187546052?
0
What is the hundred thousands digit of 41528072?
5
What is the units digit of 1068001502?
2
What is the ten millions digit of 86786125?
8
What is the millions digit of 279680675?
9
What is the hundreds digit of 109854771?
7
What is the hundred thousands digit of 2205760672?
7
What is the hundreds digit of 79591355?
3
What is the hundred millions digit of 684534306?
6
What is the tens digit of 4362328269?
6
What is the ten millions digit of 90483869?
9
What is the hundred thousands digit of 126090154?
0
What is the hundred millions digit of 896908563?
8
What is the hundred millions digit of 511847771?
5
What is the millions digit of 957356255?
7
What is the ten thousands digit of 170436672?
3
What is the thousands digit of 596609547?
9
What is the millions digit of 2046850873?
6
What is the hundred thousands digit of 18452968?
4
What is the millions digit of 540379773?
0
What is the hundreds digit of 163799720?
7
What is the hundreds digit of 243227822?
8
What is the millions digit of 1695321704?
5
What is the units digit of 378259828?
8
What is the ten thousands digit of 29033766?
3
What is the millions digit of 230118396?
0
What is the hundreds digit of 31744342?
3
What is the millions digit of 118018956?
8
What is the millions digit of 2123836644?
3
What is the tens digit of 34559671?
7
What is the thousands digit of 335361477?
1
What is the thousands digit of 6366052650?
2
What is the units digit of 15723301?
1
What is the hundred millions digit of 1825704752?
8
What is the ten thousands digit of 35939178?
3
What is the hundreds digit of 140314898?
8
What is the millions digit of 2056015266?
6
What is the thousands digit of 43798021?
8
What is the thousands digit of 65298427?
8
What is the ten thousands digit of 7816622770?
2
What is the tens digit of 997851983?
8
What is the hundreds digit of 1949866476?
4
What is the units digit of 1099095879?
9
What is the units digit of 8701228?
8
What is the hundred thousands digit 